Suppose -3*c = -x - 46, -x = -c + u*x + 26. What is the remainder when 40 is divided by c?
12
Let l = -17 + -13. Let r = l + 82. What is the remainder when r is divided by 18?
16
Suppose 5*u + 51 = 201. Suppose -3*t + 2*l = -158 - u, -l = -2. Suppose 3*q = -q + t. Calculate the remainder when 47 is divided by q.
15
Let p(x) = x**2 - 10*x - 6. Let u be p(10). Let v be 7/u + (-2)/(-12). What is the remainder when v*(1/(-1) + -14) is divided by 4?
3
Let c = 6 + -2. Suppose 0 = -5*m + 15, 4*r + 4*m + 0*m = 32. Calculate the remainder when r is divided by c.
1
Let l(b) = -b**3 + 2*b**2 + b - 1. Let w be -3*(2 + 14/(-6)). Suppose -2*y = -1 - 1. Calculate the remainder when l(w) is divided by y.
0
Suppose -4*h + 245 = h. Suppose h = 2*w - 53. Let y = -31 + w. What is the remainder when 39 is divided by y?
19
Let g = -98 + 163. Suppose -4*d = -g + 13. What is the remainder when d is divided by 4?
1
Let a = -35 + 69. What is the remainder when a is divided by 6 - (-4 - -4) - -3?
7
Let m(a) = 4*a - 2. Let v be m(2). Let o(x) = 12*x - 7. Calculate the remainder when o(v) is divided by 17.
14
Let h = 3 - 2. What is the remainder when 52 is divided by 1 + h + 13 + 3?
16
Calculate the remainder when 52 is divided by (-16)/(-6)*(-108)/(-16).
16
Suppose 3*n = 135 + 132. What is the remainder when n is divided by 23?
20
What is the remainder when (4 - -153) + (1 - 0) is divided by 40?
38
Suppose 4 = m - 2*m - 5*w, -9 = -5*m + 4*w. Let i = 8 - m. Suppose -i - 7 = -l. Calculate the remainder when 41 is divided by l.
13
What is the remainder when (-1 - 6/(-4))*(3 - -43) is divided by 13?
10
What is the remainder when 6/(-8)*(-4)/3 is divided by 1?
0
Suppose 5*j + 50 = 3*i, -j = 5*i + 2*j - 72. Let m = 144 + -101. What is the remainder when m is divided by i?
13
Suppose -5*i + 77 = -48. Calculate the remainder when 72 is divided by i.
22
Let z be 5/10 + (-15)/(-6). Suppose 45 = 5*k - k - 3*r, -2*k - z*r + 27 = 0. What is the remainder when 23 is divided by k?
11
Suppose 7*m - m - 198 = 0. What is the remainder when 196 is divided by m?
31
Let q be (-2)/3 + (-25)/3. Let s be (-2)/9 - (-16)/q. Let y = s + 20. Calculate the remainder when 53 is divided by y.
17
Let l(x) = -5*x**2 + x. Let g be l(2). Let z = g - -2. Let j = -3 - z. Calculate the remainder when 24 is divided by j.
11
Let p(u) = -4*u + 1. Let q(f) = -2*f + 3*f - 2*f + 2*f + 4. Let v be q(-5). Calculate the remainder when 17 is divided by p(v).
2
Suppose -2*l = -2*o - 16, 2*o - o = 4*l - 32. What is the remainder when 71 is divided by (l/6 + -2)*-18?
11
Let p = -51 - -49. Let g(u) = -2*u**3 + u**2 + 0*u**3 + 0*u**3. What is the remainder when 39 is divided by g(p)?
19
Let l = 1 - -1. Let o(c) = -4 - l*c + 9*c**2 - c + 2. What is the remainder when o(-2) is divided by 14?
12
What is the remainder when 0 + 94*2/(-12)*-9 is divided by 36?
33
Suppose 2*s - 12 = -4*w + 14, 4*s - w = 88. What is the remainder when s is divided by 11?
10
Suppose 0 = 8*q - 4*q + 4*x - 140, 3*q - 3*x - 75 = 0. Suppose 0 = -r + 11 - 3. What is the remainder when q is divided by r?
6
Suppose 4*m - 31 = 3*i, -4*m - 2*i + 2 = -m. Suppose w - m*w = -93. Calculate the remainder when w is divided by 11.
9
Let z(k) = 5*k**3 - 4*k**2 + 3*k - 2. Calculate the remainder when z(2) is divided by 10.
8
Let r be 4/6*3/2. Let l(p) = 9*p - 2. What is the remainder when 25 is divided by l(r)?
4
Suppose -2*q + 18 = 4*h, -4*q - h + 20 = -30. Calculate the remainder when ((-12)/15)/(4/(-250)) is divided by q.
11
Suppose 5*r - 50 = -0. Calculate the remainder when 3/(-12) + (-226)/(-8) is divided by r.
8
Suppose 16*o - 22*o = -270. Suppose 3*q + 12 = 4*q. Calculate the remainder when o is divided by q.
9
Suppose -r + 9 = 2*r, -3*a = r - 18. Suppose -5*l + 255 = a*x, 2*l + 2*l - 202 = -2*x. What is the remainder when l is divided by 17?
16
Let t = 6 + 16. Let s = -26 - -38. Calculate the remainder when t is divided by s.
10
Suppose 5*v + 15 = 0, -4*v = -n + v + 19. Suppose 3*w + 6 = 0, 4*r + 0*w - 60 = -n*w. Calculate the remainder when 49 is divided by r.
15
Let k be (3 - 9)*(-10)/3. Suppose 4*h - 5*h + k = 0. Calculate the remainder when 58 is divided by h.
18
Let t = -3 + 28. Let p(i) = -49*i - 1. What is the remainder when p(-1) is divided by t?
23
Let w(p) be the first derivative of -p**4/4 - 2*p**3 + 4*p**2 - 4*p - 1. Calculate the remainder when w(-8) is divided by 16.
12
Let m = 1 + -2. Let h(s) = -s**2 + 2*s - 2. Let v be h(2). What is the remainder when 41 is divided by 20 - -3 - v/m?
20
Let l be (-8)/40 - 11/(-5). Suppose 0 = p + l*p - 51. What is the remainder when p is divided by 9?
8
Suppose -r + 4*i - 1 = 0, -5*r - 3*i = -89 + 2. Suppose -3*m + z + 83 = 0, z - 52 = -m - m. What is the remainder when m is divided by r?
12
Let b = -35 - -53. What is the remainder when 89 is divided by b?
17
Let z(h) = 25*h + 5. Let g be z(-4). Let y = 134 + g. Calculate the remainder when y is divided by 20.
19
Let i = 40 + -39. What is the remainder when 3 is divided by i?
0
Suppose 9*l - 77 = 13. Calculate the remainder when 57 is divided by l.
7
Let g be ((-12)/20)/((-2)/10). Suppose g*y - m = -y + 136, -y = 5*m - 34. Let d(i) = -4*i - 4. Calculate the remainder when y is divided by d(-4).
10
Let z = 4 - 2. Suppose z*i - 13 = i. Suppose 152 = k + 3*k. What is the remainder when k is divided by i?
12
Let z(f) = -3*f - 3 - 7*f + 6. Let j be z(-3). Suppose -3*m + 5*o + j = 2*o, m - 9 = -o. Calculate the remainder when m is divided by 4.
2
Suppose -20 = -2*s + 6. Calculate the remainder when s is divided by 8.
5
Let i(y) = -14*y + 3 + 0 - 3 - 1. Calculate the remainder when i(-4) is divided by 19.
17
Let z = -6 + 17. Calculate the remainder when 21 is divided by z.
10
Suppose 6*k = 4*l + 4*k - 18, k = -3*l + 11. Let o(n) = -2*n**3 + n**2 + 2*n - 4. Calculate the remainder when o(-3) is divided by 3*l/6*9.
17
Suppose 8 = 4*j - 16. Let g = 13 - j. Let d = 5 + -3. What is the remainder when g is divided by d?
1
Suppose -375 = -0*u - 5*u. Let x be (u/4)/((-1)/(-4)). Suppose -2*a = 3*a - x. What is the remainder when 44 is divided by a?
14
Let p(n) = 34*n + 2. What is the remainder when 143 is divided by p(1)?
35
Let j(m) = -2*m**2 + 2*m + 5. Let d be j(4). Let o = d - -33. Calculate the remainder when 24 is divided by o.
10
Suppose 0 = 5*r + 2*i - 0 - 10, -5*r = 5*i - 25. Let p(g) be the second derivative of g**3/6 + g**2/2 + 9*g. Calculate the remainder when 1 is divided by p(r).
0
Suppose -93 + 30 = -3*w. Calculate the remainder when 60 is divided by w.
18
Let j = -2 - -4. Let i(t) = t**3 - 7*t**2 + 7*t + 6. Let o be i(6). Let z = o + -7. What is the remainder when z is divided by j?
1
Calculate the remainder when 103 is divided by 2/(-4) + (-1070)/(-20).
50
Suppose -6*y + y + 4*f + 12 = 0, -5*f = -10. Let o = 10 - y. What is the remainder when 15 is divided by o?
3
Suppose -w = -4*w - 3. What is the remainder when 17 is divided by (-2)/w + -13 + 21?
7
Suppose 4*n = -4*g + 48, 2*n - g - 25 = -4*g. Suppose 2*v - 42 = -b, -7*b + 41 = 3*v - 11*b. What is the remainder when v is divided by n?
8
Let n(o) = -2*o + 9. Let m(x) = x - 4. Let z(f) = -14*m(f) - 6*n(f). What is the remainder when 21 is divided by z(-5)?
9
Suppose -12 = -3*z - 0*z. Suppose -24 = z*a - 2*a. What is the remainder when ((-5)/(-2))/((-2)/a) is divided by 8?
7
Let w(r) = r**3 - 5*r**2 - 6*r + 2. Let b be w(6). Let m(y) = y**3 + 0*y**2 + 0*y**3 + 7*y**2 - 3*y - b. Calculate the remainder when m(-4) is divided by 20.
18
Let t(j) = j**2 + 3*j + 5. Let p be t(-6). Suppose 2*z - p + 1 = 0. Calculate the remainder when 32 is divided by z.
10
Let q = 7 + -4. Let y(k) = 10*k - 2. Let i(x) = x**3 - 4*x**2 - 12*x + 15. What is the remainder when y(q) is divided by i(6)?
13
What is the remainder when 1/((-6)/3 + 3) + 135 is divided by 14?
10
Let u = 5 - -6. Suppose 3*g = -2*m - 3*m + 4, m + 2*g = -2. Suppose 6 = -3*p, 2*l + m*p = -2*p + 32. Calculate the remainder when l is divided by u.
9
Let y(w) = -w**3 - 9*w**2 - 8*w + 3. Suppose -m + 32 = -5*m. What is the remainder when 7 is divided by y(m)?
1
Suppose -8*t = -3*t - 30. Let c(p) = -p**2 - 9*p + 12. What is the remainder when t is divided by c(-10)?
0
What is the remainder when 4 + (129 - 3) + 2 is divided by 15?
12
Suppose -4*r + 55 = 5*w, -w +